{"id":88,"date":"2019-10-28T16:39:35","date_gmt":"2019-10-28T16:39:35","guid":{"rendered":"http:\/\/psychotherapie-sittig.de\/?page_id=88"},"modified":"2023-06-29T09:41:52","modified_gmt":"2023-06-29T09:41:52","slug":"impressum","status":"publish","type":"page","link":"https:\/\/psychotherapie-sittig.de\/?page_id=88","title":{"rendered":"Impressum"},"content":{"rendered":"\n<p class=\"has-accent-color has-text-color\">Angaben gem\u00e4\u00df \u00a75 TMG:<\/p>\n\n\n\n<p>Praxis f\u00fcr Psychotherapie<br>Dr. rer. med. Dipl. Psych. Dana Sittig <br>Alte K\u00f6nigsteiner Str. 18<br>65779 Kelkheim im Taunus<br><br>Telefon: 0176-30119760<br>Email: info(at)psychotherapie-sittig.de<br>Internet: www.psychotherapie-sittig.de \/ www.psychotherapie-kelkheim.de<\/p>\n\n\n\n<p class=\"has-accent-color has-text-color\">Gesetzliche Berufsbezeichnung: <\/p>\n\n\n\n<p>Psychologische Psychotherapeutin<br>Meine Approbation wurde mir verliehen in der Bundesrepublik Deutschland durch das hessische Landespr\u00fcfungs- und Gesundheitsamt. <\/p>\n\n\n\n<p>Arztregistereintrag bei der Kassen\u00e4rztlichen Vereinigung Hessen unter der lfd. Nr. 727126568.<\/p>\n\n\n\n<p>Der akademische Titel \u00bbDr. rer. med.\u00ab wurde mir am 10. Juli 2013 von der Universit\u00e4t Duisburg Essen verliehen.&nbsp;<\/p>\n\n\n\n<p>Zust\u00e4ndige Aufsichtsbeh\u00f6rde und zust\u00e4ndige Kammer ist die Landeskammer f\u00fcr Psychologische Psychotherapeutinnen und -therapeuten und Kinder- und Jugendlichenpsychotherapeutinnen und -therapeuten in Hessen, Frankfurter Str. 8, 65189 Wiesbaden (<a href=\"http:\/\/www.lppkjp.de\/\">www.lppkjp.de<\/a>) und die Kassen\u00e4rztliche Vereinigung Hessen, Europa-Allee 90, 60486 Frankfurt am Main<\/p>\n\n\n\n<p class=\"has-accent-color has-text-color\">Es gelten die folgenden berufsrechtliche Regelungen:<\/p>\n\n\n\n<ul><li>Berufsordnung der Landeskammer f\u00fcr Psychologische Psychotherapeutinnen und -therapeuten und Kinder- und Jugendlichentherapeutinnen und -therapeuten in Hessen<\/li><li>Psychotherapeutengesetz (PsychThG)<\/li><li>Heilberufsgesetz<\/li><\/ul>\n\n\n\n<p>Die Regelungen k\u00f6nnen bei der Psychotherapeutenkammer Hessen bzw. unter <a href=\"https:\/\/lppkjp.de\/recht\/gesetze-und-verordnungen\/\">https:\/\/lppkjp.de\/recht\/gesetze-und-verordnungen\/<\/a>&nbsp;eingesehen werden.<\/p>\n\n\n\n<p>Verantwortlich f\u00fcr den Inhalt nach \u00a755 Abs. 2 RSTV. ist: <br><br>Dr. Dana Sittig<br>Alte K\u00f6nigsteiner Str. 18<br>65779 Kelkheim im Taunus<\/p>\n\n\n\n<p class=\"has-accent-color has-text-color\">Angaben zur Berufshaftpflichtversicherung:<\/p>\n\n\n\n<p>Name und Sitz des Versicherers:<br>AXA Konzern Aktiengesellschaft<br>Colonia-Allee 10 &#8211; 20<br>51067 K\u00f6ln<\/p>\n\n\n\n<p class=\"has-accent-color has-text-color\">Quellenangaben f\u00fcr die verwendeten Bilder:<\/p>\n\n\n\n<p>Die auf dieser Website verwendeten Bilder stehen unter dem Urheberrechtsschutz der Autorin. Eine Vervielf\u00e4ltigung oder Verwendung der Bilder ist ohne ausdr\u00fcckliche Zustimmung nicht gestattet.<\/p>\n","protected":false},"excerpt":{"rendered":"<p>Angaben gem\u00e4\u00df \u00a75 TMG: Praxis f\u00fcr PsychotherapieDr. rer. med. Dipl. Psych. Dana Sittig Alte K\u00f6nigsteiner Str. 1865779 Kelkheim im Taunus Telefon: 0176-30119760Email: info(at)psychotherapie-sittig.deInternet: www.psychotherapie-sittig.de \/ www.psychotherapie-kelkheim.de Gesetzliche Berufsbezeichnung: Psychologische PsychotherapeutinMeine Approbation wurde mir verliehen in der Bundesrepublik Deutschland durch das hessische Landespr\u00fcfungs- und Gesundheitsamt. Arztregistereintrag bei der Kassen\u00e4rztlichen Vereinigung Hessen unter der lfd. Nr. 727126568. [&hellip;]<\/p>\n","protected":false},"author":1,"featured_media":0,"parent":0,"menu_order":0,"comment_status":"closed","ping_status":"closed","template":"","meta":[],"_links":{"self":[{"href":"https:\/\/psychotherapie-sittig.de\/index.php?rest_route=\/wp\/v2\/pages\/88"}],"collection":[{"href":"https:\/\/psychotherapie-sittig.de\/index.php?rest_route=\/wp\/v2\/pages"}],"about":[{"href":"https:\/\/psychotherapie-sittig.de\/index.php?rest_route=\/wp\/v2\/types\/page"}],"author":[{"embeddable":true,"href":"https:\/\/psychotherapie-sittig.de\/index.php?rest_route=\/wp\/v2\/users\/1"}],"replies":[{"embeddable":true,"href":"https:\/\/psychotherapie-sittig.de\/index.php?rest_route=%2Fwp%2Fv2%2Fcomments&post=88"}],"version-history":[{"count":4,"href":"https:\/\/psychotherapie-sittig.de\/index.php?rest_route=\/wp\/v2\/pages\/88\/revisions"}],"predecessor-version":[{"id":414,"href":"https:\/\/psychotherapie-sittig.de\/index.php?rest_route=\/wp\/v2\/pages\/88\/revisions\/414"}],"wp:attachment":[{"href":"https:\/\/psychotherapie-sittig.de\/index.php?rest_route=%2Fwp%2Fv2%2Fmedia&parent=88"}],"curies":[{"name":"wp","href":"https:\/\/api.w.org\/{rel}","templated":true}]}}