{"id":7,"date":"2019-10-17T09:40:11","date_gmt":"2019-10-17T09:40:11","guid":{"rendered":"http:\/\/psychotherapie-sittig.de\/?page_id=7"},"modified":"2025-05-08T09:05:25","modified_gmt":"2025-05-08T09:05:25","slug":"kontakt","status":"publish","type":"page","link":"https:\/\/psychotherapie-sittig.de\/?page_id=7","title":{"rendered":"Kontakt"},"content":{"rendered":"\n<p style=\"font-size:21px\"><strong>Praxisgemeinschaft in der Hofreite<\/strong><\/p>\n\n\n\n<p style=\"font-size:21px\">Psychotherapeutische Praxis Dr. Dana Sittig<br>Alte K\u00f6nigsteiner Stra\u00dfe 18<br>65779 Kelkheim im Taunus <br><br>Email: info(at)psychotherapie-sittig.de<br>Telefon: 0176-30119760<\/p>\n\n\n\n<p class=\"has-dark-gray-color has-text-color\" style=\"font-size:21px\">Ich freue mich \u00fcber Ihre Nachricht. Da ich eine reine Bestellpraxis habe, ist eine Sitzung (auch die Sprechstunde) nur nach vorheriger Terminvereinbarung m\u00f6glich. W\u00e4hrend meiner Arbeitszeit bin ich in der Regel in Sitzungen und kann nicht ans Telefon gehen.<\/p>\n\n\n\n<p class=\"has-dark-gray-color has-text-color\" style=\"font-size:21px\">Sie haben hier die M\u00f6glichkeit sich auf meine Warteliste einzutragen. Daf\u00fcr ist es notwenig sich ein Patientenkonto anzulegen. Dies hat den Vorteil, dass Sie R\u00fcckmeldungen zum Stand der Liste bekommen und auch selbst R\u00fcckmeldungen geben k\u00f6nnen (bspw. dass Sie bereits einen Platz gefunden haben).  Sobald ein Therapieplatz frei wird,  melde ich mich gerne per Email bei Ihnen und wir vereinbaren einen Termin f\u00fcr ein Erstgespr\u00e4ch. <\/p>\n\n\n<p><iframe style=\"width:100%;min-height:800px;height:auto;border:none;\" src=\"https:\/\/viewer.epikur-portal.de?id=bc763fe3-3d2e-498d-8387-661f33a009a7\"><\/iframe><\/p>\n\n\n\n<p class=\"has-dark-gray-color has-text-color\" style=\"font-size:21px\">F\u00fcr die einfache Kontaktaufnahme per Email k\u00f6nnen Sie zudem gerne das untere Kontaktformular nutzen. <\/p>\n\n\n<div role=\"form\" class=\"wpcf7\" id=\"wpcf7-f52-o1\" lang=\"de-DE\" dir=\"ltr\">\n<div class=\"screen-reader-response\"><p role=\"status\" aria-live=\"polite\" aria-atomic=\"true\"><\/p> <ul><\/ul><\/div>\n<form action=\"\/index.php?rest_route=%2Fwp%2Fv2%2Fpages%2F7#wpcf7-f52-o1\" method=\"post\" class=\"wpcf7-form init\" novalidate=\"novalidate\" data-status=\"init\">\n<div style=\"display: none;\">\n<input type=\"hidden\" name=\"_wpcf7\" value=\"52\" \/>\n<input type=\"hidden\" name=\"_wpcf7_version\" value=\"5.5.6.1\" \/>\n<input type=\"hidden\" name=\"_wpcf7_locale\" value=\"de_DE\" \/>\n<input type=\"hidden\" name=\"_wpcf7_unit_tag\" value=\"wpcf7-f52-o1\" \/>\n<input type=\"hidden\" name=\"_wpcf7_container_post\" value=\"0\" \/>\n<input type=\"hidden\" name=\"_wpcf7_posted_data_hash\" value=\"\" \/>\n<\/div>\n<p><label> Ihr Name (Pflichtfeld)<br \/>\n    <span class=\"wpcf7-form-control-wrap your-name\"><input type=\"text\" name=\"your-name\" value=\"\" size=\"40\" class=\"wpcf7-form-control wpcf7-text wpcf7-validates-as-required\" aria-required=\"true\" aria-invalid=\"false\" \/><\/span> <\/label><\/p>\n<p><label> Ihre E-Mail-Adresse (Pflichtfeld)<br \/>\n    <span class=\"wpcf7-form-control-wrap your-email\"><input type=\"email\" name=\"your-email\" value=\"\" size=\"40\" class=\"wpcf7-form-control wpcf7-text wpcf7-email wpcf7-validates-as-required wpcf7-validates-as-email\" aria-required=\"true\" aria-invalid=\"false\" \/><\/span> <\/label><\/p>\n<p><label> Betreff<br \/>\n    <span class=\"wpcf7-form-control-wrap your-subject\"><input type=\"text\" name=\"your-subject\" value=\"\" size=\"40\" class=\"wpcf7-form-control wpcf7-text\" aria-invalid=\"false\" \/><\/span> <\/label><\/p>\n<p><label> Ihre Nachricht<br \/>\n    <span class=\"wpcf7-form-control-wrap your-message\"><textarea name=\"your-message\" cols=\"40\" rows=\"10\" class=\"wpcf7-form-control wpcf7-textarea\" aria-invalid=\"false\"><\/textarea><\/span> <\/label><\/p>\n<p><span class=\"wpcf7-form-control-wrap checkbox-594\"><span class=\"wpcf7-form-control wpcf7-checkbox wpcf7-validates-as-required\"><span class=\"wpcf7-list-item first\"><input type=\"checkbox\" name=\"checkbox-594[]\" value=\"Gesetzlich versichert\" \/><span class=\"wpcf7-list-item-label\">Gesetzlich versichert<\/span><\/span><span class=\"wpcf7-list-item last\"><input type=\"checkbox\" name=\"checkbox-594[]\" value=\"Privat versichert\" \/><span class=\"wpcf7-list-item-label\">Privat versichert<\/span><\/span><\/span><\/span><\/p>\n<p><input type=\"submit\" value=\"Senden\" class=\"wpcf7-form-control has-spinner wpcf7-submit\" \/><\/p>\n<div class=\"wpcf7-response-output\" aria-hidden=\"true\"><\/div><\/form><\/div>\n\n\n\n<hr class=\"wp-block-separator has-text-color has-background has-accent-background-color has-accent-color\"\/>\n\n\n\n<p><\/p>\n\n\n\n<h1 class=\"has-dark-gray-color has-text-color\">Anfahrt <\/h1>\n\n\n\n<p class=\"has-dark-gray-color has-text-color\" style=\"font-size:21px\">Meine Praxisr\u00e4ume befinden sich in Kelkheim im Stadtteil M\u00fcnster. Es ist m\u00f6glich in der Umgebung kostenfrei zu parken. In fussl\u00e4ufiger N\u00e4he befindet sich bspw. das alte Rathaus mit anliegenden Parkpl\u00e4tzen. <\/p>\n\n\n\n<figure class=\"wp-block-image size-large is-resized\"><img loading=\"lazy\" src=\"http:\/\/psychotherapie-sittig.de\/wp-content\/uploads\/2023\/02\/f0739ca8-6cfb-41ff-a249-bc1d4ddb2d3d-1020x1024.jpg\" alt=\"\" class=\"wp-image-391\" width=\"675\" height=\"677\" srcset=\"https:\/\/psychotherapie-sittig.de\/wp-content\/uploads\/2023\/02\/f0739ca8-6cfb-41ff-a249-bc1d4ddb2d3d-1020x1024.jpg 1020w, https:\/\/psychotherapie-sittig.de\/wp-content\/uploads\/2023\/02\/f0739ca8-6cfb-41ff-a249-bc1d4ddb2d3d-300x300.jpg 300w, https:\/\/psychotherapie-sittig.de\/wp-content\/uploads\/2023\/02\/f0739ca8-6cfb-41ff-a249-bc1d4ddb2d3d-150x150.jpg 150w, https:\/\/psychotherapie-sittig.de\/wp-content\/uploads\/2023\/02\/f0739ca8-6cfb-41ff-a249-bc1d4ddb2d3d-768x771.jpg 768w, https:\/\/psychotherapie-sittig.de\/wp-content\/uploads\/2023\/02\/f0739ca8-6cfb-41ff-a249-bc1d4ddb2d3d-676x679.jpg 676w, https:\/\/psychotherapie-sittig.de\/wp-content\/uploads\/2023\/02\/f0739ca8-6cfb-41ff-a249-bc1d4ddb2d3d.jpg 1306w\" sizes=\"(max-width: 675px) 100vw, 675px\" \/><\/figure>\n\n\n\n<p class=\"has-dark-gray-color has-text-color\" style=\"font-size:21px\"> Mit \u00f6ffentlichen Verkehrsmitteln befinden sich die Haltestellen <strong>In den Padenwiesen <\/strong>und <strong>M\u00fcnster Altes Rathaus<\/strong>, jeweils etwa f\u00fcnf Gehminuten von der Praxis entfernt. Der <strong>Bahnhof Kelkheim-M\u00fcnster<\/strong> (HLB) ist zu Fu\u00df in etwa 10 Minuten erreichbar.<\/p>\n","protected":false},"excerpt":{"rendered":"<p>Praxisgemeinschaft in der Hofreite Psychotherapeutische Praxis Dr. Dana SittigAlte K\u00f6nigsteiner Stra\u00dfe 1865779 Kelkheim im Taunus Email: info(at)psychotherapie-sittig.deTelefon: 0176-30119760 Ich freue mich \u00fcber Ihre Nachricht. Da ich eine reine Bestellpraxis habe, ist eine Sitzung (auch die Sprechstunde) nur nach vorheriger Terminvereinbarung m\u00f6glich. W\u00e4hrend meiner Arbeitszeit bin ich in der Regel in Sitzungen und kann nicht ans [&hellip;]<\/p>\n","protected":false},"author":1,"featured_media":203,"parent":0,"menu_order":0,"comment_status":"closed","ping_status":"closed","template":"","meta":[],"_links":{"self":[{"href":"https:\/\/psychotherapie-sittig.de\/index.php?rest_route=\/wp\/v2\/pages\/7"}],"collection":[{"href":"https:\/\/psychotherapie-sittig.de\/index.php?rest_route=\/wp\/v2\/pages"}],"about":[{"href":"https:\/\/psychotherapie-sittig.de\/index.php?rest_route=\/wp\/v2\/types\/page"}],"author":[{"embeddable":true,"href":"https:\/\/psychotherapie-sittig.de\/index.php?rest_route=\/wp\/v2\/users\/1"}],"replies":[{"embeddable":true,"href":"https:\/\/psychotherapie-sittig.de\/index.php?rest_route=%2Fwp%2Fv2%2Fcomments&post=7"}],"version-history":[{"count":41,"href":"https:\/\/psychotherapie-sittig.de\/index.php?rest_route=\/wp\/v2\/pages\/7\/revisions"}],"predecessor-version":[{"id":465,"href":"https:\/\/psychotherapie-sittig.de\/index.php?rest_route=\/wp\/v2\/pages\/7\/revisions\/465"}],"wp:featuredmedia":[{"embeddable":true,"href":"https:\/\/psychotherapie-sittig.de\/index.php?rest_route=\/wp\/v2\/media\/203"}],"wp:attachment":[{"href":"https:\/\/psychotherapie-sittig.de\/index.php?rest_route=%2Fwp%2Fv2%2Fmedia&parent=7"}],"curies":[{"name":"wp","href":"https:\/\/api.w.org\/{rel}","templated":true}]}}